556. What is the hundreds digit of z?
1
Suppose -6*u = -9348 - 9306. What is the tens digit of u?
0
Let i(r) = 14 - 6 - r**2 + 5 + r**3 + 7*r - 12*r**2. What is the hundreds digit of i(13)?
1
Suppose -20*a = -82010 - 3450. What is the thousands digit of a?
4
Suppose -5*l = -2*t + 340, -3*t = -3*l - t - 208. Let d = 27 - l. What is the tens digit of d?
9
Suppose -2*v + 1 = 15. Let p be (-2)/v - (-304)/112. Suppose -3*u - 9 = -3*s + 105, p*s - 4*u - 115 = 0. What is the units digit of s?
7
Suppose -8 = -c - 3. Suppose -3*w + c*w = 18. What is the tens digit of (8/(-3))/((-2)/w)?
1
Suppose 1501 = -24*u + 12565. What is the hundreds digit of u?
4
Suppose -3*u = 2*w - 19, 3*w = 4*u + w - 30. Let b(k) = k - 1. Let s(n) = 9*n - 12. Let p(q) = -10*b(q) + 2*s(q). What is the units digit of p(u)?
2
Suppose -s + 1351 = 7*i - 4*i, -5*i = -3*s - 2261. What is the tens digit of i?
5
Suppose -1 + 163 = -2*l. What is the tens digit of (l/(-6) + -1)*2?
2
Let r(c) = 140*c - 31. What is the units digit of r(5)?
9
Let w(j) = j**3 - 6*j**2 + 28*j - 35. What is the units digit of w(12)?
5
Let u(i) = i**3 - 13*i**2 + 11*i + 9. Let s be u(12). Let w(d) = 4*d**2 - d - 5. What is the units digit of w(s)?
4
Let w = -351 - -1012. What is the tens digit of w?
6
Let w(s) = -7*s + 14. Let k(u) = -8*u + 14. Let t(m) = 3*k(m) - 4*w(m). What is the tens digit of t(7)?
1
Let b be ((0/(-4))/4)/1. Suppose 4*l - 358 - 94 = b. What is the tens digit of l?
1
Suppose -4*b + 9*b - 2*s = -97, -4*s = 16. Let c = 7 - b. What is the tens digit of c?
2
Let w = 1456 - 309. What is the hundreds digit of w?
1
What is the units digit of (17520/(-84))/(6/(-21))?
0
Suppose 3*k = 2*l + 4567 - 1804, -3*k + 2763 = -4*l. What is the hundreds digit of k?
9
Let w(o) = -o**3 - 10*o**2 - 8*o - 3. Let x be w(-9). Let u(p) = p**3 + 13*p**2 + 13*p + 14. Let g be u(x). What is the units digit of (-2 + 1)/((-2)/g)?
1
Let l(h) be the second derivative of h**4/12 + 2*h**3/3 - 2*h**2 - 3*h. Let s be l(-5). What is the tens digit of -7 - -4 - -20*s?
1
Suppose -5*r = 4*n - 18 - 7, 2*r - 10 = 5*n. Suppose 4 + 14 = 3*c. Let w = c + r. What is the units digit of w?
1
Suppose 2*s = 6 - 0. Suppose -7*m = 2*z - 12*m - 466, 699 = s*z + 4*m. What is the tens digit of z?
3
Suppose 10 = 2*s + 6. Suppose 0 = -2*h - 4*y + 62, -4*h + 2*h + s*y + 32 = 0. Suppose -3*d = -3, -h = -2*r - 4*d - d. What is the units digit of r?
8
Suppose 2*m + t + t + 2 = 0, 3*m - 3*t - 15 = 0. Suppose -2*s + m*x + 28 = -532, 15 = 3*x. What is the hundreds digit of s?
2
Let v = 11 - 6. Suppose 70 = -5*t - v*l, l - 2*l - 28 = 2*t. What is the units digit of ((-7)/t)/((-2)/(-60))?
5
Let w be (-35)/2*1*-2. Let y = 103 - w. Suppose -5*m + m = -y. What is the tens digit of m?
1
Let a(h) be the third derivative of 11/6*h**3 + 0 + 0*h + h**2 + 1/6*h**4. What is the tens digit of a(11)?
5
Let c be 3*3/9*-49. Suppose -3*j + 32 = -3*i - 7, 3*i + 23 = -5*j. Let g = i - c. What is the units digit of g?
8
Suppose 0*h = 3*w - 5*h - 3711, -2487 = -2*w - h. Suppose 4*k + 182 - w = 0. What is the units digit of k?
5
Let x be (13/(-3) - -2)*3. Let l = 25 + x. What is the tens digit of l?
1
Let l(a) = 4 + 3*a**2 + 14 - 3*a**2 - a - a**2. Let h be l(0). Suppose -h - 27 = -5*x. What is the units digit of x?
9
Suppose 3*o + 5*z - 80 = 0, 5*o + 11 = 3*z + 99. Let a(u) = -o + 36 - 10*u - 14. What is the tens digit of a(-2)?
2
Suppose c + 28*c = 870. What is the tens digit of c?
3
Suppose 172 = 3*v - h, -4*h - 367 = -5*v - 85. Let d = 3 + v. What is the tens digit of d?
6
Let z be 0/(-1 + 4/2). Suppose 0 = -4*y - z*b + 3*b + 637, 0 = -b + 1. Suppose -5*q - 1 - 10 = -i, 5*i - 4*q = y. What is the tens digit of i?
3
Suppose -8 = -a + 5*v - 4*v, 0 = 5*v + 20. Suppose 5*x = 2*c - 41, -6*c + 131 = -c - 3*x. What is the tens digit of c - (-2*6)/a?
3
Suppose 0 = -4*m + 2*o + 1 + 19, 4*o + 4 = -m. Suppose -80 = 4*y - 3*w - 232, -148 = -m*y + 2*w. What is the units digit of y?
5
Let d(k) = -3*k - 4. Let t be d(-3). Let i(u) = 14*u**2 - 18*u. Let h(r) = -5*r**2 + 6*r. Let g(q) = 8*h(q) + 3*i(q). What is the units digit of g(t)?
0
Let h = -13 - -11. Let b be ((-10)/6)/(h/(-6)). What is the units digit of (16/2)/(-3 - b)?
4
Suppose -101 = -5*m - 4*s + 593, 689 = 5*m - s. Suppose 3*l - m = -k, 5*k - 102 = -2*l - 10. What is the units digit of l?
6
Let v = 4 - 2. Suppose 0 = 3*x - 2*u - 395, 2*x + 6*u = 4*u + 280. What is the units digit of v/(((-12)/x)/(-2))?
5
Let p = 590 + -335. What is the units digit of p?
5
Suppose -7*a = -931 - 833. What is the tens digit of a?
5
Suppose 27 + 15 = -3*l. Let p = l + 23. Suppose q + 6 = -5*u, -2*q - 4*u = -p*u - 48. What is the units digit of q?
4
What is the tens digit of 0 + (-2)/17 + 43611/51?
5
What is the tens digit of 1831 + ((-45)/10 - 6/(-12))?
2
Suppose -11*a = -36267 + 14168. What is the hundreds digit of a?
0
Suppose -18 + 313 = 5*z. Let c = -54 + z. What is the units digit of c?
5
Suppose -3*m = -7*m + 2008. What is the hundreds digit of m?
5
Suppose 5*u + 3*c = 63, 2*u + 2*u + 4*c - 52 = 0. What is the units digit of 37 + (-22)/u + 5/(-30)?
5
Let q(t) = 3*t**2 - 9*t + 8. Let b be q(1). Suppose 65 = s - 3*u - b*u, -325 = -5*s + 2*u. What is the units digit of s?
5
Suppose 2*v + 23 - 27 = 0. Suppose v*c = -0*c + 162. What is the units digit of c?
1
Suppose 1217 = -124*j + 125*j. What is the hundreds digit of j?
2
Let c(t) = t + 299. Let r be c(0). Let v = r - 192. What is the units digit of v?
7
Let x be (-5)/(-10) + 398/4. What is the units digit of ((-6)/(-3) - -2)/(10/x)?
0
Suppose 7*z + 9 - 2 = 0. What is the tens digit of (z/3)/(2/(-186))?
3
Let n = 852 + -437. What is the hundreds digit of n?
4
Let j be (3 + -6)*26/(-6). Suppose -j = -2*k + 61. What is the tens digit of k?
3
Suppose -2*w + a = -855, -5*a + 2*a = w - 410. Suppose -14*m + 19*m - w = 0. What is the units digit of m?
5
Let c be 1 - 6/(6 - 3). Let d(v) = 15*v**2 - 4*v - 4. What is the units digit of d(c)?
5
What is the thousands digit of (4/14 - 640/(-112)) + 1815?
1
Let d(o) = 116*o - 145. What is the units digit of d(9)?
9
Suppose 4*h = 3*p - 5, 5 = -4*p + 1. Let k(i) = -24*i - 4. What is the units digit of k(h)?
4
Suppose 2*h + 3*z + 290 = 0, -3*h + 3*z = 4*z + 449. Let f = -44 - h. What is the hundreds digit of f?
1
Suppose 18 = 3*n - 0. Suppose 2*d - 24 - n = 0. What is the tens digit of (-10)/d - (-185)/3?
6
Suppose 2*h - 58 = 54. Suppose -260*v + h = -259*v. What is the units digit of v?
6
Let w = 13 + -9. Suppose w*l + 4*n = 188, -l - 3*n = 3*l - 187. What is the tens digit of l?
4
Let b = 3 + -9. Let n = b - 0. Let v(l) = -3*l + 7. What is the tens digit of v(n)?
2
Let m be 4 - (-5 + 4 - 0). Suppose 47 = 4*p - m*d - 1, d - 24 = -2*p. What is the tens digit of p?
1
Suppose -s + 2*v + 886 = 0, s = -2*v + 401 + 465. What is the hundreds digit of s/(-8)*20/(-15)?
1
Let g(q) = 2 + 0 - 3 - q + 0. Let b = -9 - -4. What is the units digit of g(b)?
4
Let b = -20 - 18. Let r = b + 89. What is the tens digit of r?
5
Let q = -28 - -33. Suppose -224 = -q*v + 4*j + 839, 4*v + j = 842. What is the tens digit of v?
1
Let p(s) = -28*s + 11. What is the hundreds digit of p(-14)?
4
Suppose 48 = 24*z - 240. Suppose -2*l = 3*l - 25. What is the tens digit of (-40)/(-3)*z/l?
3
Let v(a) = 124*a + 25. What is the units digit of v(5)?
5
Suppose -5*p - 20*g + 16*g = -2746, 0 = p + g - 550. What is the tens digit of p?
4
Let b be 1 + 755 - (-10 - -11). Suppose 2*d = -5*s + 333, 5*s - 2*s + b = 5*d. What is the units digit of d?
4
Let k be 78/13 + (-1)/1. Suppose 5*l - 377 = -g - 3*g, -k*l - 15 = 0. What is the units digit of g?
8
Let q be (15/(-6))/((-4)/24). Let g = q + 11. What is the units digit of g?
6
Let u be ((-2 + 4)*2)/((-4)/14). Let j(l) = -9*l + 2. Let k be j(-3). Let x = u + k. What is the units digit of x?
5
Suppose 1573 = p - 4*h, 21*p - 3151 = 19*p + 3*h. What is the hundreds digit of p?
5
Suppose -m = d - 1240, 5*m - 6180 = -5*d + 4*m. What is the hundreds digit of d?
2
Suppose 3*c + 4*u - 20 = 3*u, -u = -c. Suppose 0 = 5*x + c*k - 620, -251 = -3*x + k + 137. What is the tens digit of x?
2
Suppose 0 = -3*u - 7 + 55. Let l be u*1*(9 - 8). What is the units digit of (l - (-3 + 3)) + 1?
7
Suppose 5*x - 4*j - 20 = 13, -2*x + 2*j + 12 = 0. Let p = x - -9. What is the tens